{"id":4850,"date":"2023-06-08T19:45:27","date_gmt":"2023-06-08T17:45:27","guid":{"rendered":"https:\/\/sleepplanet.es\/tienda\/producto\/colchon-therapy-sport\/"},"modified":"2026-04-15T15:56:24","modified_gmt":"2026-04-15T13:56:24","slug":"colchon-therapy-sport","status":"publish","type":"product","link":"https:\/\/sleepplanet.es\/tienda\/producto\/colchon-therapy-sport\/","title":{"rendered":"Colch\u00f3n THERAPY SPORT"},"content":{"rendered":"","protected":false},"excerpt":{"rendered":"<p><strong>Tu cuerpo fuente de Energ\u00eda.\u00a0<\/strong>Therapy Sport proporciona la optimizaci\u00f3n de la energ\u00eda de tu cuerpo para recuperar el mismo, gracias a su tejido inteligente.<\/p>\n<p><strong>Cuidado y descanso unidos.\u00a0<\/strong>Excelente confort, con AirVisco, viscoel\u00e1stica de poro abierto de altisima transpiraci\u00f3n lo que facilita un ambiente seco y sano.<\/p>\n<p><strong>Adaptaci\u00f3n Natural.\u00a0<\/strong>Perfecta adaptaci\u00f3n gracias a su n\u00facleo Foam High Density, que proporciona un reposo saludable al estar en contacto con los elementos naturales capaces de reducir el grado de estr\u00e9s y de alta transpiraci\u00f3n gracias a sus micro-c\u00e9lulas obtenidas con la aportaci\u00f3n de aceites naturales esenciales.<\/p>\n<p><strong>Ceramical.<\/strong> Tejido de \u00faltima generaci\u00f3n con hilos BioCer\u00e1micos cuya propiedad es reflejar la radiaci\u00f3n infrarroja emitida por el cuerpo humano envolvi\u00e9ndola al mismo, esta energ\u00eda es utilizada en el campo de la medicina para mejorar la salud y prevenir enfermedades. Una noche de sue\u00f1o equivale a permanecer m\u00e1s de 10 minutos bajo una l\u00e1mpara infrarroja de 150w utilizadas en cl\u00ednicas de fisioterapia. Este tejido supone una recuperaci\u00f3n del cuerpo as\u00ed como beneficios en una mejor Vasodilataci\u00f3n, mejora de la termorregulaci\u00f3n corporal, de gran utilidad para el tratamiento de dolores cr\u00f3nicos e hipercolesterolemia, para aumentar los niveles de col\u00e1geno, y elastina de la piel siendo adecuada en el tratamiento de piel envejecida, mejorando su textura, suavidad y elasticidad.<\/p>\n<p><span style=\"color: #42649d;\"><strong>Descarga la ficha t\u00e9cnica del colch\u00f3n THERAPY SPORT de Sleep Planet haciendo clic <span style=\"text-decoration: underline;\"><a style=\"color: #42649d; text-decoration: underline;\" href=\"https:\/\/sleepplanet.es\/tienda\/wp-content\/uploads\/2026\/01\/THERAPY-SPORT.pdf\" target=\"_blank\" rel=\"noopener\">AQU\u00cd<\/a><\/span>.<\/strong><\/span><\/p>\n","protected":false},"featured_media":7116,"template":"","meta":[],"product_brand":[],"product_cat":[241],"product_tag":[],"class_list":{"0":"post-4850","1":"product","2":"type-product","3":"status-publish","4":"has-post-thumbnail","6":"product_cat-colchones-de-muelles","7":"pa_medida-90x190","8":"pa_medida-180x180","9":"pa_medida-140x200","10":"pa_medida-140x190","11":"pa_medida-140x180","12":"pa_medida-120x190","13":"pa_medida-120x180","14":"pa_medida-105x180","15":"pa_medida-90x180","16":"pa_medida-200x200","17":"pa_medida-180x200","18":"pa_medida-180x190","19":"pa_medida-160x200","20":"pa_medida-160x190","21":"pa_medida-150x200","22":"pa_medida-150x190","23":"pa_medida-150x180","24":"pa_medida-135x200","25":"pa_medida-135x190","26":"pa_medida-135x180","27":"pa_medida-105x200","28":"pa_medida-105x190","29":"pa_medida-90x200","30":"tm-has-options","32":"first","33":"instock","34":"sale","35":"taxable","36":"shipping-taxable","37":"purchasable","38":"product-type-variable","39":"prodpage-classic","40":"rtwpvs-product"},"acf":[],"yoast_head":"<!-- This site is optimized with the Yoast SEO plugin v27.4 - https:\/\/yoast.com\/product\/yoast-seo-wordpress\/ -->\n<title>Colch\u00f3n THERAPY SPORT - Sleep Planet<\/title>\n<meta name=\"description\" content=\"Colch\u00f3n Therapy Sport de Sleep Planet. Colchones que ofrecen el mejor descanso al mejor precio. Visita nuestras tiendas de colchones.\" \/>\n<meta name=\"robots\" content=\"noindex, follow\" \/>\n<meta property=\"og:locale\" content=\"es_ES\" \/>\n<meta property=\"og:type\" content=\"article\" \/>\n<meta property=\"og:title\" content=\"Colch\u00f3n THERAPY SPORT - Sleep Planet\" \/>\n<meta property=\"og:description\" content=\"Colch\u00f3n Therapy Sport de Sleep Planet. Colchones que ofrecen el mejor descanso al mejor precio. Visita nuestras tiendas de colchones.\" \/>\n<meta property=\"og:url\" content=\"https:\/\/sleepplanet.es\/tienda\/producto\/colchon-therapy-sport\/\" \/>\n<meta property=\"og:site_name\" content=\"Sleep Planet\" \/>\n<meta property=\"article:publisher\" content=\"https:\/\/www.facebook.com\/sleepplanetspain\" \/>\n<meta property=\"article:modified_time\" content=\"2026-04-15T13:56:24+00:00\" \/>\n<meta property=\"og:image\" content=\"https:\/\/sleepplanet.es\/tienda\/wp-content\/uploads\/2023\/06\/sleep-planet-colchones-therapy-sport-1-1.jpg\" \/>\n\t<meta property=\"og:image:width\" content=\"1200\" \/>\n\t<meta property=\"og:image:height\" content=\"900\" \/>\n\t<meta property=\"og:image:type\" content=\"image\/jpeg\" \/>\n<meta name=\"twitter:card\" content=\"summary_large_image\" \/>\n<meta name=\"twitter:label1\" content=\"Tiempo de lectura\" \/>\n\t<meta name=\"twitter:data1\" content=\"1 minuto\" \/>\n<script type=\"application\/ld+json\" class=\"yoast-schema-graph\">{\"@context\":\"https:\\\/\\\/schema.org\",\"@graph\":[{\"@type\":\"WebPage\",\"@id\":\"https:\\\/\\\/sleepplanet.es\\\/tienda\\\/producto\\\/colchon-therapy-sport\\\/\",\"url\":\"https:\\\/\\\/sleepplanet.es\\\/tienda\\\/producto\\\/colchon-therapy-sport\\\/\",\"name\":\"Colch\u00f3n THERAPY SPORT - Sleep Planet\",\"isPartOf\":{\"@id\":\"https:\\\/\\\/sleepplanet.es\\\/tienda\\\/#website\"},\"primaryImageOfPage\":{\"@id\":\"https:\\\/\\\/sleepplanet.es\\\/tienda\\\/producto\\\/colchon-therapy-sport\\\/#primaryimage\"},\"image\":{\"@id\":\"https:\\\/\\\/sleepplanet.es\\\/tienda\\\/producto\\\/colchon-therapy-sport\\\/#primaryimage\"},\"thumbnailUrl\":\"https:\\\/\\\/sleepplanet.es\\\/tienda\\\/wp-content\\\/uploads\\\/2023\\\/06\\\/sleep-planet-colchones-therapy-sport-1-1.jpg\",\"datePublished\":\"2023-06-08T17:45:27+00:00\",\"dateModified\":\"2026-04-15T13:56:24+00:00\",\"description\":\"Colch\u00f3n Therapy Sport de Sleep Planet. Colchones que ofrecen el mejor descanso al mejor precio. Visita nuestras tiendas de colchones.\",\"breadcrumb\":{\"@id\":\"https:\\\/\\\/sleepplanet.es\\\/tienda\\\/producto\\\/colchon-therapy-sport\\\/#breadcrumb\"},\"inLanguage\":\"es\",\"potentialAction\":[{\"@type\":\"ReadAction\",\"target\":[\"https:\\\/\\\/sleepplanet.es\\\/tienda\\\/producto\\\/colchon-therapy-sport\\\/\"]}]},{\"@type\":\"ImageObject\",\"inLanguage\":\"es\",\"@id\":\"https:\\\/\\\/sleepplanet.es\\\/tienda\\\/producto\\\/colchon-therapy-sport\\\/#primaryimage\",\"url\":\"https:\\\/\\\/sleepplanet.es\\\/tienda\\\/wp-content\\\/uploads\\\/2023\\\/06\\\/sleep-planet-colchones-therapy-sport-1-1.jpg\",\"contentUrl\":\"https:\\\/\\\/sleepplanet.es\\\/tienda\\\/wp-content\\\/uploads\\\/2023\\\/06\\\/sleep-planet-colchones-therapy-sport-1-1.jpg\",\"width\":1200,\"height\":900},{\"@type\":\"BreadcrumbList\",\"@id\":\"https:\\\/\\\/sleepplanet.es\\\/tienda\\\/producto\\\/colchon-therapy-sport\\\/#breadcrumb\",\"itemListElement\":[{\"@type\":\"ListItem\",\"position\":1,\"name\":\"Portada\",\"item\":\"https:\\\/\\\/sleepplanet.es\\\/tienda\\\/\"},{\"@type\":\"ListItem\",\"position\":2,\"name\":\"TIENDA ONLINE\",\"item\":\"https:\\\/\\\/sleepplanet.es\\\/tienda\\\/\"},{\"@type\":\"ListItem\",\"position\":3,\"name\":\"Colch\u00f3n THERAPY SPORT\"}]},{\"@type\":\"WebSite\",\"@id\":\"https:\\\/\\\/sleepplanet.es\\\/tienda\\\/#website\",\"url\":\"https:\\\/\\\/sleepplanet.es\\\/tienda\\\/\",\"name\":\"Sleep Planet\",\"description\":\"Web oficial de Sleep Planet Spain\",\"publisher\":{\"@id\":\"https:\\\/\\\/sleepplanet.es\\\/tienda\\\/#organization\"},\"potentialAction\":[{\"@type\":\"SearchAction\",\"target\":{\"@type\":\"EntryPoint\",\"urlTemplate\":\"https:\\\/\\\/sleepplanet.es\\\/tienda\\\/?s={search_term_string}\"},\"query-input\":{\"@type\":\"PropertyValueSpecification\",\"valueRequired\":true,\"valueName\":\"search_term_string\"}}],\"inLanguage\":\"es\"},{\"@type\":\"Organization\",\"@id\":\"https:\\\/\\\/sleepplanet.es\\\/tienda\\\/#organization\",\"name\":\"Sleep Planet\",\"url\":\"https:\\\/\\\/sleepplanet.es\\\/tienda\\\/\",\"logo\":{\"@type\":\"ImageObject\",\"inLanguage\":\"es\",\"@id\":\"https:\\\/\\\/sleepplanet.es\\\/tienda\\\/#\\\/schema\\\/logo\\\/image\\\/\",\"url\":\"https:\\\/\\\/sleepplanet.es\\\/tienda\\\/wp-content\\\/uploads\\\/2023\\\/11\\\/sleep-planet-logo-seo2.jpg\",\"contentUrl\":\"https:\\\/\\\/sleepplanet.es\\\/tienda\\\/wp-content\\\/uploads\\\/2023\\\/11\\\/sleep-planet-logo-seo2.jpg\",\"width\":600,\"height\":600,\"caption\":\"Sleep Planet\"},\"image\":{\"@id\":\"https:\\\/\\\/sleepplanet.es\\\/tienda\\\/#\\\/schema\\\/logo\\\/image\\\/\"},\"sameAs\":[\"https:\\\/\\\/www.facebook.com\\\/sleepplanetspain\",\"https:\\\/\\\/www.instagram.com\\\/sleepplanetspain\"]}]}<\/script>\n<!-- \/ Yoast SEO plugin. -->","yoast_head_json":{"title":"Colch\u00f3n THERAPY SPORT - Sleep Planet","description":"Colch\u00f3n Therapy Sport de Sleep Planet. Colchones que ofrecen el mejor descanso al mejor precio. Visita nuestras tiendas de colchones.","robots":{"index":"noindex","follow":"follow"},"og_locale":"es_ES","og_type":"article","og_title":"Colch\u00f3n THERAPY SPORT - Sleep Planet","og_description":"Colch\u00f3n Therapy Sport de Sleep Planet. Colchones que ofrecen el mejor descanso al mejor precio. Visita nuestras tiendas de colchones.","og_url":"https:\/\/sleepplanet.es\/tienda\/producto\/colchon-therapy-sport\/","og_site_name":"Sleep Planet","article_publisher":"https:\/\/www.facebook.com\/sleepplanetspain","article_modified_time":"2026-04-15T13:56:24+00:00","og_image":[{"width":1200,"height":900,"url":"https:\/\/sleepplanet.es\/tienda\/wp-content\/uploads\/2023\/06\/sleep-planet-colchones-therapy-sport-1-1.jpg","type":"image\/jpeg"}],"twitter_card":"summary_large_image","twitter_misc":{"Tiempo de lectura":"1 minuto"},"schema":{"@context":"https:\/\/schema.org","@graph":[{"@type":"WebPage","@id":"https:\/\/sleepplanet.es\/tienda\/producto\/colchon-therapy-sport\/","url":"https:\/\/sleepplanet.es\/tienda\/producto\/colchon-therapy-sport\/","name":"Colch\u00f3n THERAPY SPORT - Sleep Planet","isPartOf":{"@id":"https:\/\/sleepplanet.es\/tienda\/#website"},"primaryImageOfPage":{"@id":"https:\/\/sleepplanet.es\/tienda\/producto\/colchon-therapy-sport\/#primaryimage"},"image":{"@id":"https:\/\/sleepplanet.es\/tienda\/producto\/colchon-therapy-sport\/#primaryimage"},"thumbnailUrl":"https:\/\/sleepplanet.es\/tienda\/wp-content\/uploads\/2023\/06\/sleep-planet-colchones-therapy-sport-1-1.jpg","datePublished":"2023-06-08T17:45:27+00:00","dateModified":"2026-04-15T13:56:24+00:00","description":"Colch\u00f3n Therapy Sport de Sleep Planet. Colchones que ofrecen el mejor descanso al mejor precio. Visita nuestras tiendas de colchones.","breadcrumb":{"@id":"https:\/\/sleepplanet.es\/tienda\/producto\/colchon-therapy-sport\/#breadcrumb"},"inLanguage":"es","potentialAction":[{"@type":"ReadAction","target":["https:\/\/sleepplanet.es\/tienda\/producto\/colchon-therapy-sport\/"]}]},{"@type":"ImageObject","inLanguage":"es","@id":"https:\/\/sleepplanet.es\/tienda\/producto\/colchon-therapy-sport\/#primaryimage","url":"https:\/\/sleepplanet.es\/tienda\/wp-content\/uploads\/2023\/06\/sleep-planet-colchones-therapy-sport-1-1.jpg","contentUrl":"https:\/\/sleepplanet.es\/tienda\/wp-content\/uploads\/2023\/06\/sleep-planet-colchones-therapy-sport-1-1.jpg","width":1200,"height":900},{"@type":"BreadcrumbList","@id":"https:\/\/sleepplanet.es\/tienda\/producto\/colchon-therapy-sport\/#breadcrumb","itemListElement":[{"@type":"ListItem","position":1,"name":"Portada","item":"https:\/\/sleepplanet.es\/tienda\/"},{"@type":"ListItem","position":2,"name":"TIENDA ONLINE","item":"https:\/\/sleepplanet.es\/tienda\/"},{"@type":"ListItem","position":3,"name":"Colch\u00f3n THERAPY SPORT"}]},{"@type":"WebSite","@id":"https:\/\/sleepplanet.es\/tienda\/#website","url":"https:\/\/sleepplanet.es\/tienda\/","name":"Sleep Planet","description":"Web oficial de Sleep Planet Spain","publisher":{"@id":"https:\/\/sleepplanet.es\/tienda\/#organization"},"potentialAction":[{"@type":"SearchAction","target":{"@type":"EntryPoint","urlTemplate":"https:\/\/sleepplanet.es\/tienda\/?s={search_term_string}"},"query-input":{"@type":"PropertyValueSpecification","valueRequired":true,"valueName":"search_term_string"}}],"inLanguage":"es"},{"@type":"Organization","@id":"https:\/\/sleepplanet.es\/tienda\/#organization","name":"Sleep Planet","url":"https:\/\/sleepplanet.es\/tienda\/","logo":{"@type":"ImageObject","inLanguage":"es","@id":"https:\/\/sleepplanet.es\/tienda\/#\/schema\/logo\/image\/","url":"https:\/\/sleepplanet.es\/tienda\/wp-content\/uploads\/2023\/11\/sleep-planet-logo-seo2.jpg","contentUrl":"https:\/\/sleepplanet.es\/tienda\/wp-content\/uploads\/2023\/11\/sleep-planet-logo-seo2.jpg","width":600,"height":600,"caption":"Sleep Planet"},"image":{"@id":"https:\/\/sleepplanet.es\/tienda\/#\/schema\/logo\/image\/"},"sameAs":["https:\/\/www.facebook.com\/sleepplanetspain","https:\/\/www.instagram.com\/sleepplanetspain"]}]}},"_links":{"self":[{"href":"https:\/\/sleepplanet.es\/tienda\/wp-json\/wp\/v2\/product\/4850","targetHints":{"allow":["GET"]}}],"collection":[{"href":"https:\/\/sleepplanet.es\/tienda\/wp-json\/wp\/v2\/product"}],"about":[{"href":"https:\/\/sleepplanet.es\/tienda\/wp-json\/wp\/v2\/types\/product"}],"wp:featuredmedia":[{"embeddable":true,"href":"https:\/\/sleepplanet.es\/tienda\/wp-json\/wp\/v2\/media\/7116"}],"wp:attachment":[{"href":"https:\/\/sleepplanet.es\/tienda\/wp-json\/wp\/v2\/media?parent=4850"}],"wp:term":[{"taxonomy":"product_brand","embeddable":true,"href":"https:\/\/sleepplanet.es\/tienda\/wp-json\/wp\/v2\/product_brand?post=4850"},{"taxonomy":"product_cat","embeddable":true,"href":"https:\/\/sleepplanet.es\/tienda\/wp-json\/wp\/v2\/product_cat?post=4850"},{"taxonomy":"product_tag","embeddable":true,"href":"https:\/\/sleepplanet.es\/tienda\/wp-json\/wp\/v2\/product_tag?post=4850"}],"curies":[{"name":"wp","href":"https:\/\/api.w.org\/{rel}","templated":true}]}}