{"id":5022,"date":"2023-06-08T19:46:00","date_gmt":"2023-06-08T17:46:00","guid":{"rendered":"https:\/\/sleepplanet.es\/tienda\/producto\/colchon-bernini-spring\/"},"modified":"2026-04-15T15:57:52","modified_gmt":"2026-04-15T13:57:52","slug":"colchon-parma-spring-ice","status":"publish","type":"product","link":"https:\/\/sleepplanet.es\/tienda\/producto\/colchon-parma-spring-ice\/","title":{"rendered":"Colch\u00f3n PARMA SPRING ICE"},"content":{"rendered":"","protected":false},"excerpt":{"rendered":"<p><strong>M\u00e1ximo confort.<\/strong> La combinaci\u00f3n de su tejido premium, acolchado suave y n\u00facleo interior con tecnolog\u00eda Total Adapt de muelles ensacados de \u00faltima generaci\u00f3n ofrece una acogida excepcional y una suavidad envolvente.<\/p>\n<p><strong>Descanso personalizado.<\/strong> Gracias a la doble capa de viscoel\u00e1stica en ambas caras, proporciona un confort progresivo que se adapta a cada movimiento. El sistema Box Adapt asegura una firmeza \u00f3ptima y duradera.<\/p>\n<p><strong>Adaptaci\u00f3n inteligente.<\/strong> Su n\u00facleo multizona de muelles ensacados independientes garantiza un equilibrio perfecto en todo el cuerpo, adapt\u00e1ndose a las caracter\u00edsticas individuales de cada usuario.<\/p>\n<p><strong>Independencia de lechos.<\/strong> El dise\u00f1o interior permite que cada persona disfrute de su descanso sin interferencias, ideal para compartir sin comprometer la comodidad.<\/p>\n<p><strong>Ambiente fresco y saludable.<\/strong> La capa interna con circulaci\u00f3n de aire favorece un entorno fresco y libre de humedad, promoviendo un descanso higi\u00e9nico y natural.<\/p>\n<p><strong>Tejido Strech.<\/strong> Tejido el\u00e1stico en todas las direcciones. Al no ejercer resistencia a la presi\u00f3n del cuerpo, se adapta perfectamente al n\u00facleo, potenciando sus caracter\u00edsticas. Poli\u00e9ster de alta calidad y durabilidad.<\/p>\n<p><strong>Tejido Coolfresh.<\/strong> Cool Fresh es un tejido de efecto frio de forma natural. Su composici\u00f3n tecnol\u00f3gica elimina la humedad, mantiene el cuerpo en una temperatura optima y transmite una sensaci\u00f3n fresca. Sus propiedades son de efecto enfriamiento e hidrof\u00edlico. Refrigeraci\u00f3n y evaporaci\u00f3n de larga duraci\u00f3n. Excelente tacto y suavidad.<\/p>\n<p><strong>Tejido Strech Saniguard.<\/strong> Es un tratamiento exclusivo de protecci\u00f3n barrera total de \u00e1caros y al\u00e9rgenos, dermatol\u00f3gicamente ensayado, es inofensivo y seguro para el ser humano. Ideado para personas que padezcan asma, alergias a los \u00e1caros, polvo y sus al\u00e9rgenos, siendo respetuosos con el medio ambiente teniendo el certificado Oeko-Tex. Aporta mayor bienestar frescura y comodidad para el descanso, garantizando sus propiedades m\u00e1s tiempo.<\/p>\n<p><span style=\"color: #42649d;\"><strong>Descarga la ficha t\u00e9cnica del colch\u00f3n PARMA SPRING ICE de Sleep Planet haciendo clic <span style=\"text-decoration: underline;\"><a style=\"color: #42649d; text-decoration: underline;\" href=\"https:\/\/sleepplanet.es\/tienda\/wp-content\/uploads\/2026\/01\/PARMA-SPRING-ICE.pdf\" target=\"_blank\" rel=\"noopener\">AQU\u00cd<\/a><\/span>.<\/strong><\/span><\/p>\n","protected":false},"featured_media":7230,"template":"","meta":[],"product_brand":[],"product_cat":[241,320],"product_tag":[],"class_list":{"0":"post-5022","1":"product","2":"type-product","3":"status-publish","4":"has-post-thumbnail","6":"product_cat-colchones-de-muelles","7":"product_cat-colchones-juveniles","8":"pa_medida-90x190","9":"pa_medida-80x180","10":"pa_medida-80x200","11":"pa_medida-80x190","12":"pa_medida-120x190","13":"pa_medida-105x180","14":"pa_medida-90x180","15":"pa_medida-150x200","16":"pa_medida-150x190","17":"pa_medida-135x200","18":"pa_medida-135x190","19":"pa_medida-135x180","20":"pa_medida-105x200","21":"pa_medida-105x190","22":"pa_medida-90x200","23":"tm-has-options","25":"first","26":"instock","27":"sale","28":"taxable","29":"shipping-taxable","30":"purchasable","31":"product-type-variable","32":"prodpage-classic","33":"rtwpvs-product"},"acf":[],"yoast_head":"<!-- This site is optimized with the Yoast SEO plugin v27.4 - https:\/\/yoast.com\/product\/yoast-seo-wordpress\/ -->\n<title>Colch\u00f3n PARMA SPRING ICE - Sleep Planet<\/title>\n<meta name=\"description\" content=\"Colch\u00f3n Parma Spring de Sleep Planet. Colchones que ofrecen el mejor descanso al mejor precio. Visita nuestras tiendas de colchones.\" \/>\n<meta name=\"robots\" content=\"noindex, follow\" \/>\n<meta property=\"og:locale\" content=\"es_ES\" \/>\n<meta property=\"og:type\" content=\"article\" \/>\n<meta property=\"og:title\" content=\"Colch\u00f3n PARMA SPRING ICE - Sleep Planet\" \/>\n<meta property=\"og:description\" content=\"Colch\u00f3n Parma Spring de Sleep Planet. Colchones que ofrecen el mejor descanso al mejor precio. Visita nuestras tiendas de colchones.\" \/>\n<meta property=\"og:url\" content=\"https:\/\/sleepplanet.es\/tienda\/producto\/colchon-parma-spring-ice\/\" \/>\n<meta property=\"og:site_name\" content=\"Sleep Planet\" \/>\n<meta property=\"article:publisher\" content=\"https:\/\/www.facebook.com\/sleepplanetspain\" \/>\n<meta property=\"article:modified_time\" content=\"2026-04-15T13:57:52+00:00\" \/>\n<meta property=\"og:image\" content=\"https:\/\/sleepplanet.es\/tienda\/wp-content\/uploads\/2023\/06\/sleep-planet-colchones-parma-spring-ice-1.jpg\" \/>\n\t<meta property=\"og:image:width\" content=\"1200\" \/>\n\t<meta property=\"og:image:height\" content=\"900\" \/>\n\t<meta property=\"og:image:type\" content=\"image\/jpeg\" \/>\n<meta name=\"twitter:card\" content=\"summary_large_image\" \/>\n<meta name=\"twitter:label1\" content=\"Tiempo de lectura\" \/>\n\t<meta name=\"twitter:data1\" content=\"1 minuto\" \/>\n<script type=\"application\/ld+json\" class=\"yoast-schema-graph\">{\"@context\":\"https:\\\/\\\/schema.org\",\"@graph\":[{\"@type\":\"WebPage\",\"@id\":\"https:\\\/\\\/sleepplanet.es\\\/tienda\\\/producto\\\/colchon-parma-spring-ice\\\/\",\"url\":\"https:\\\/\\\/sleepplanet.es\\\/tienda\\\/producto\\\/colchon-parma-spring-ice\\\/\",\"name\":\"Colch\u00f3n PARMA SPRING ICE - Sleep Planet\",\"isPartOf\":{\"@id\":\"https:\\\/\\\/sleepplanet.es\\\/tienda\\\/#website\"},\"primaryImageOfPage\":{\"@id\":\"https:\\\/\\\/sleepplanet.es\\\/tienda\\\/producto\\\/colchon-parma-spring-ice\\\/#primaryimage\"},\"image\":{\"@id\":\"https:\\\/\\\/sleepplanet.es\\\/tienda\\\/producto\\\/colchon-parma-spring-ice\\\/#primaryimage\"},\"thumbnailUrl\":\"https:\\\/\\\/sleepplanet.es\\\/tienda\\\/wp-content\\\/uploads\\\/2023\\\/06\\\/sleep-planet-colchones-parma-spring-ice-1.jpg\",\"datePublished\":\"2023-06-08T17:46:00+00:00\",\"dateModified\":\"2026-04-15T13:57:52+00:00\",\"description\":\"Colch\u00f3n Parma Spring de Sleep Planet. Colchones que ofrecen el mejor descanso al mejor precio. Visita nuestras tiendas de colchones.\",\"breadcrumb\":{\"@id\":\"https:\\\/\\\/sleepplanet.es\\\/tienda\\\/producto\\\/colchon-parma-spring-ice\\\/#breadcrumb\"},\"inLanguage\":\"es\",\"potentialAction\":[{\"@type\":\"ReadAction\",\"target\":[\"https:\\\/\\\/sleepplanet.es\\\/tienda\\\/producto\\\/colchon-parma-spring-ice\\\/\"]}]},{\"@type\":\"ImageObject\",\"inLanguage\":\"es\",\"@id\":\"https:\\\/\\\/sleepplanet.es\\\/tienda\\\/producto\\\/colchon-parma-spring-ice\\\/#primaryimage\",\"url\":\"https:\\\/\\\/sleepplanet.es\\\/tienda\\\/wp-content\\\/uploads\\\/2023\\\/06\\\/sleep-planet-colchones-parma-spring-ice-1.jpg\",\"contentUrl\":\"https:\\\/\\\/sleepplanet.es\\\/tienda\\\/wp-content\\\/uploads\\\/2023\\\/06\\\/sleep-planet-colchones-parma-spring-ice-1.jpg\",\"width\":1200,\"height\":900},{\"@type\":\"BreadcrumbList\",\"@id\":\"https:\\\/\\\/sleepplanet.es\\\/tienda\\\/producto\\\/colchon-parma-spring-ice\\\/#breadcrumb\",\"itemListElement\":[{\"@type\":\"ListItem\",\"position\":1,\"name\":\"Portada\",\"item\":\"https:\\\/\\\/sleepplanet.es\\\/tienda\\\/\"},{\"@type\":\"ListItem\",\"position\":2,\"name\":\"TIENDA ONLINE\",\"item\":\"https:\\\/\\\/sleepplanet.es\\\/tienda\\\/\"},{\"@type\":\"ListItem\",\"position\":3,\"name\":\"Colch\u00f3n PARMA SPRING ICE\"}]},{\"@type\":\"WebSite\",\"@id\":\"https:\\\/\\\/sleepplanet.es\\\/tienda\\\/#website\",\"url\":\"https:\\\/\\\/sleepplanet.es\\\/tienda\\\/\",\"name\":\"Sleep Planet\",\"description\":\"Web oficial de Sleep Planet Spain\",\"publisher\":{\"@id\":\"https:\\\/\\\/sleepplanet.es\\\/tienda\\\/#organization\"},\"potentialAction\":[{\"@type\":\"SearchAction\",\"target\":{\"@type\":\"EntryPoint\",\"urlTemplate\":\"https:\\\/\\\/sleepplanet.es\\\/tienda\\\/?s={search_term_string}\"},\"query-input\":{\"@type\":\"PropertyValueSpecification\",\"valueRequired\":true,\"valueName\":\"search_term_string\"}}],\"inLanguage\":\"es\"},{\"@type\":\"Organization\",\"@id\":\"https:\\\/\\\/sleepplanet.es\\\/tienda\\\/#organization\",\"name\":\"Sleep Planet\",\"url\":\"https:\\\/\\\/sleepplanet.es\\\/tienda\\\/\",\"logo\":{\"@type\":\"ImageObject\",\"inLanguage\":\"es\",\"@id\":\"https:\\\/\\\/sleepplanet.es\\\/tienda\\\/#\\\/schema\\\/logo\\\/image\\\/\",\"url\":\"https:\\\/\\\/sleepplanet.es\\\/tienda\\\/wp-content\\\/uploads\\\/2023\\\/11\\\/sleep-planet-logo-seo2.jpg\",\"contentUrl\":\"https:\\\/\\\/sleepplanet.es\\\/tienda\\\/wp-content\\\/uploads\\\/2023\\\/11\\\/sleep-planet-logo-seo2.jpg\",\"width\":600,\"height\":600,\"caption\":\"Sleep Planet\"},\"image\":{\"@id\":\"https:\\\/\\\/sleepplanet.es\\\/tienda\\\/#\\\/schema\\\/logo\\\/image\\\/\"},\"sameAs\":[\"https:\\\/\\\/www.facebook.com\\\/sleepplanetspain\",\"https:\\\/\\\/www.instagram.com\\\/sleepplanetspain\"]}]}<\/script>\n<!-- \/ Yoast SEO plugin. -->","yoast_head_json":{"title":"Colch\u00f3n PARMA SPRING ICE - Sleep Planet","description":"Colch\u00f3n Parma Spring de Sleep Planet. Colchones que ofrecen el mejor descanso al mejor precio. Visita nuestras tiendas de colchones.","robots":{"index":"noindex","follow":"follow"},"og_locale":"es_ES","og_type":"article","og_title":"Colch\u00f3n PARMA SPRING ICE - Sleep Planet","og_description":"Colch\u00f3n Parma Spring de Sleep Planet. Colchones que ofrecen el mejor descanso al mejor precio. Visita nuestras tiendas de colchones.","og_url":"https:\/\/sleepplanet.es\/tienda\/producto\/colchon-parma-spring-ice\/","og_site_name":"Sleep Planet","article_publisher":"https:\/\/www.facebook.com\/sleepplanetspain","article_modified_time":"2026-04-15T13:57:52+00:00","og_image":[{"width":1200,"height":900,"url":"https:\/\/sleepplanet.es\/tienda\/wp-content\/uploads\/2023\/06\/sleep-planet-colchones-parma-spring-ice-1.jpg","type":"image\/jpeg"}],"twitter_card":"summary_large_image","twitter_misc":{"Tiempo de lectura":"1 minuto"},"schema":{"@context":"https:\/\/schema.org","@graph":[{"@type":"WebPage","@id":"https:\/\/sleepplanet.es\/tienda\/producto\/colchon-parma-spring-ice\/","url":"https:\/\/sleepplanet.es\/tienda\/producto\/colchon-parma-spring-ice\/","name":"Colch\u00f3n PARMA SPRING ICE - Sleep Planet","isPartOf":{"@id":"https:\/\/sleepplanet.es\/tienda\/#website"},"primaryImageOfPage":{"@id":"https:\/\/sleepplanet.es\/tienda\/producto\/colchon-parma-spring-ice\/#primaryimage"},"image":{"@id":"https:\/\/sleepplanet.es\/tienda\/producto\/colchon-parma-spring-ice\/#primaryimage"},"thumbnailUrl":"https:\/\/sleepplanet.es\/tienda\/wp-content\/uploads\/2023\/06\/sleep-planet-colchones-parma-spring-ice-1.jpg","datePublished":"2023-06-08T17:46:00+00:00","dateModified":"2026-04-15T13:57:52+00:00","description":"Colch\u00f3n Parma Spring de Sleep Planet. Colchones que ofrecen el mejor descanso al mejor precio. Visita nuestras tiendas de colchones.","breadcrumb":{"@id":"https:\/\/sleepplanet.es\/tienda\/producto\/colchon-parma-spring-ice\/#breadcrumb"},"inLanguage":"es","potentialAction":[{"@type":"ReadAction","target":["https:\/\/sleepplanet.es\/tienda\/producto\/colchon-parma-spring-ice\/"]}]},{"@type":"ImageObject","inLanguage":"es","@id":"https:\/\/sleepplanet.es\/tienda\/producto\/colchon-parma-spring-ice\/#primaryimage","url":"https:\/\/sleepplanet.es\/tienda\/wp-content\/uploads\/2023\/06\/sleep-planet-colchones-parma-spring-ice-1.jpg","contentUrl":"https:\/\/sleepplanet.es\/tienda\/wp-content\/uploads\/2023\/06\/sleep-planet-colchones-parma-spring-ice-1.jpg","width":1200,"height":900},{"@type":"BreadcrumbList","@id":"https:\/\/sleepplanet.es\/tienda\/producto\/colchon-parma-spring-ice\/#breadcrumb","itemListElement":[{"@type":"ListItem","position":1,"name":"Portada","item":"https:\/\/sleepplanet.es\/tienda\/"},{"@type":"ListItem","position":2,"name":"TIENDA ONLINE","item":"https:\/\/sleepplanet.es\/tienda\/"},{"@type":"ListItem","position":3,"name":"Colch\u00f3n PARMA SPRING ICE"}]},{"@type":"WebSite","@id":"https:\/\/sleepplanet.es\/tienda\/#website","url":"https:\/\/sleepplanet.es\/tienda\/","name":"Sleep Planet","description":"Web oficial de Sleep Planet Spain","publisher":{"@id":"https:\/\/sleepplanet.es\/tienda\/#organization"},"potentialAction":[{"@type":"SearchAction","target":{"@type":"EntryPoint","urlTemplate":"https:\/\/sleepplanet.es\/tienda\/?s={search_term_string}"},"query-input":{"@type":"PropertyValueSpecification","valueRequired":true,"valueName":"search_term_string"}}],"inLanguage":"es"},{"@type":"Organization","@id":"https:\/\/sleepplanet.es\/tienda\/#organization","name":"Sleep Planet","url":"https:\/\/sleepplanet.es\/tienda\/","logo":{"@type":"ImageObject","inLanguage":"es","@id":"https:\/\/sleepplanet.es\/tienda\/#\/schema\/logo\/image\/","url":"https:\/\/sleepplanet.es\/tienda\/wp-content\/uploads\/2023\/11\/sleep-planet-logo-seo2.jpg","contentUrl":"https:\/\/sleepplanet.es\/tienda\/wp-content\/uploads\/2023\/11\/sleep-planet-logo-seo2.jpg","width":600,"height":600,"caption":"Sleep Planet"},"image":{"@id":"https:\/\/sleepplanet.es\/tienda\/#\/schema\/logo\/image\/"},"sameAs":["https:\/\/www.facebook.com\/sleepplanetspain","https:\/\/www.instagram.com\/sleepplanetspain"]}]}},"_links":{"self":[{"href":"https:\/\/sleepplanet.es\/tienda\/wp-json\/wp\/v2\/product\/5022","targetHints":{"allow":["GET"]}}],"collection":[{"href":"https:\/\/sleepplanet.es\/tienda\/wp-json\/wp\/v2\/product"}],"about":[{"href":"https:\/\/sleepplanet.es\/tienda\/wp-json\/wp\/v2\/types\/product"}],"wp:featuredmedia":[{"embeddable":true,"href":"https:\/\/sleepplanet.es\/tienda\/wp-json\/wp\/v2\/media\/7230"}],"wp:attachment":[{"href":"https:\/\/sleepplanet.es\/tienda\/wp-json\/wp\/v2\/media?parent=5022"}],"wp:term":[{"taxonomy":"product_brand","embeddable":true,"href":"https:\/\/sleepplanet.es\/tienda\/wp-json\/wp\/v2\/product_brand?post=5022"},{"taxonomy":"product_cat","embeddable":true,"href":"https:\/\/sleepplanet.es\/tienda\/wp-json\/wp\/v2\/product_cat?post=5022"},{"taxonomy":"product_tag","embeddable":true,"href":"https:\/\/sleepplanet.es\/tienda\/wp-json\/wp\/v2\/product_tag?post=5022"}],"curies":[{"name":"wp","href":"https:\/\/api.w.org\/{rel}","templated":true}]}}