{"id":5036,"date":"2023-06-08T19:46:04","date_gmt":"2023-06-08T17:46:04","guid":{"rendered":"https:\/\/sleepplanet.es\/tienda\/producto\/colchon-motion-1p\/"},"modified":"2026-01-15T13:20:44","modified_gmt":"2026-01-15T12:20:44","slug":"colchon-motion","status":"publish","type":"product","link":"https:\/\/sleepplanet.es\/tienda\/producto\/colchon-motion\/","title":{"rendered":"Colch\u00f3n MOTION"},"content":{"rendered":"","protected":false},"excerpt":{"rendered":"<p><strong>Confort y rirmeza.<\/strong>\u00a0Motion dispone de unas capa inicial de acogida ideada para cada \u00e9poca del a\u00f1o, con una cara m\u00e1s fresca en verano con Gelfoam y otra m\u00e1s c\u00e1lida en invierno con Visco-el\u00e1stica, obteniendo una sensaci\u00f3n agradable de tumbada.<\/p>\n<p><strong>Cuidado y descanso unidos.<\/strong>\u00a0Gracias a sus excelente confort, la selecci\u00f3n cuidada de materias y la tecnolog\u00eda aplicada, es un colch\u00f3n anat\u00f3micamente estudiado con una adaptaci\u00f3n multi-zona en todo el cuerpo, obteniendo un descanso reparador y placentero.<\/p>\n<p><strong>Adaptaci\u00f3n t\u00e9cnica.<\/strong>\u00a0Perfecta adaptaci\u00f3n gracias a su n\u00facleo Tecno Bio 38kg (BioFoam) 7 zonas, eliminando especialmente la presi\u00f3n en zona lumbar, caderas, hombros y rodillas, consiguiendo una postura correcta de descanso y un sue\u00f1o profundo y reparador.<\/p>\n<p><strong>Greenfirst Anti-mosquitos<\/strong><\/p>\n<p><strong>Eficacia.<\/strong> Act\u00faa contra mosquitos, \u00e1caros del polvo, chinches y polillas. Neutraliza los \u00e1caros del polvo y sus huevos, as\u00ed como los chinches.<\/p>\n<p><strong>Seguridad y salud.<\/strong> No es neurot\u00f3xico ni sensibilizante cut\u00e1neo. Hipoalerg\u00e9nico, probado dermatol\u00f3gicamente. Apto para textiles infantiles y personas con piel sensible.<\/p>\n<p><strong>Sostenibilidad.<\/strong> Biodegradabilidad superior al 95%. Oeko-Tex Standard 100, REACH y BPR 1.<\/p>\n<p><span style=\"color: #42649d;\"><strong>Descarga la ficha t\u00e9cnica del colch\u00f3n MOTION de Sleep Planet haciendo clic <span style=\"text-decoration: underline;\"><a style=\"color: #42649d; text-decoration: underline;\" href=\"https:\/\/sleepplanet.es\/tienda\/wp-content\/uploads\/2026\/01\/MOTION.pdf\" target=\"_blank\" rel=\"noopener\">AQU\u00cd<\/a><\/span>.<\/strong><\/span><\/p>\n","protected":false},"featured_media":7110,"template":"","meta":[],"product_brand":[],"product_cat":[319],"product_tag":[],"class_list":{"0":"post-5036","1":"product","2":"type-product","3":"status-publish","4":"has-post-thumbnail","6":"product_cat-colchones-de-viscoelastica","7":"pa_medida-1p-75x190","8":"pa_medida-2p-200x200","9":"pa_medida-2p-180x200","10":"pa_medida-2p-180x190","11":"pa_medida-2p-160x200","12":"pa_medida-2p-160x190","13":"pa_medida-2p-150x200","14":"pa_medida-2p-150x190","15":"pa_medida-2p-135x190","16":"pa_medida-2p-135x180","17":"pa_medida-1p-180x200","18":"pa_medida-1p-180x190","19":"pa_medida-1p-160x200","20":"pa_medida-1p-160x190","21":"pa_medida-1p-150x200","22":"pa_medida-1p-150x190","23":"pa_medida-1p-140x200","24":"pa_medida-1p-80x190","25":"pa_medida-1p-80x200","26":"pa_medida-1p-90x180","27":"pa_medida-1p-90x190","28":"pa_medida-1p-90x200","29":"pa_medida-1p-100x200","30":"pa_medida-1p-105x180","31":"pa_medida-1p-105x190","32":"pa_medida-1p-105x200","33":"pa_medida-1p-120x190","34":"pa_medida-1p-135x180","35":"pa_medida-1p-135x190","36":"pa_medida-1p-135x200","37":"pa_medida-1p-150x180","38":"tm-has-options","40":"first","41":"instock","42":"sale","43":"taxable","44":"shipping-taxable","45":"purchasable","46":"product-type-variable","47":"prodpage-classic","48":"rtwpvs-product"},"acf":[],"yoast_head":"<!-- This site is optimized with the Yoast SEO plugin v27.2 - https:\/\/yoast.com\/product\/yoast-seo-wordpress\/ -->\n<title>Colch\u00f3n MOTION - Sleep Planet<\/title>\n<meta name=\"description\" content=\"Colch\u00f3n Motion de Sleep Planet. Colchones que ofrecen el mejor descanso al mejor precio. Visita nuestras tiendas de colchones.\" \/>\n<meta name=\"robots\" content=\"noindex, follow\" \/>\n<meta property=\"og:locale\" content=\"es_ES\" \/>\n<meta property=\"og:type\" content=\"article\" \/>\n<meta property=\"og:title\" content=\"Colch\u00f3n MOTION - Sleep Planet\" \/>\n<meta property=\"og:description\" content=\"Colch\u00f3n Motion de Sleep Planet. Colchones que ofrecen el mejor descanso al mejor precio. Visita nuestras tiendas de colchones.\" \/>\n<meta property=\"og:url\" content=\"https:\/\/sleepplanet.es\/tienda\/producto\/colchon-motion\/\" \/>\n<meta property=\"og:site_name\" content=\"Sleep Planet\" \/>\n<meta property=\"article:publisher\" content=\"https:\/\/www.facebook.com\/sleepplanetspain\" \/>\n<meta property=\"article:modified_time\" content=\"2026-01-15T12:20:44+00:00\" \/>\n<meta property=\"og:image\" content=\"https:\/\/sleepplanet.es\/tienda\/wp-content\/uploads\/2023\/06\/sleep-planet-colchones-motion-1-1.jpg\" \/>\n\t<meta property=\"og:image:width\" content=\"1200\" \/>\n\t<meta property=\"og:image:height\" content=\"900\" \/>\n\t<meta property=\"og:image:type\" content=\"image\/jpeg\" \/>\n<meta name=\"twitter:card\" content=\"summary_large_image\" \/>\n<meta name=\"twitter:label1\" content=\"Tiempo de lectura\" \/>\n\t<meta name=\"twitter:data1\" content=\"1 minuto\" \/>\n<script type=\"application\/ld+json\" class=\"yoast-schema-graph\">{\"@context\":\"https:\/\/schema.org\",\"@graph\":[{\"@type\":\"WebPage\",\"@id\":\"https:\/\/sleepplanet.es\/tienda\/producto\/colchon-motion\/\",\"url\":\"https:\/\/sleepplanet.es\/tienda\/producto\/colchon-motion\/\",\"name\":\"Colch\u00f3n MOTION - Sleep Planet\",\"isPartOf\":{\"@id\":\"https:\/\/sleepplanet.es\/tienda\/#website\"},\"primaryImageOfPage\":{\"@id\":\"https:\/\/sleepplanet.es\/tienda\/producto\/colchon-motion\/#primaryimage\"},\"image\":{\"@id\":\"https:\/\/sleepplanet.es\/tienda\/producto\/colchon-motion\/#primaryimage\"},\"thumbnailUrl\":\"https:\/\/sleepplanet.es\/tienda\/wp-content\/uploads\/2023\/06\/sleep-planet-colchones-motion-1-1.jpg\",\"datePublished\":\"2023-06-08T17:46:04+00:00\",\"dateModified\":\"2026-01-15T12:20:44+00:00\",\"description\":\"Colch\u00f3n Motion de Sleep Planet. Colchones que ofrecen el mejor descanso al mejor precio. Visita nuestras tiendas de colchones.\",\"breadcrumb\":{\"@id\":\"https:\/\/sleepplanet.es\/tienda\/producto\/colchon-motion\/#breadcrumb\"},\"inLanguage\":\"es\",\"potentialAction\":[{\"@type\":\"ReadAction\",\"target\":[\"https:\/\/sleepplanet.es\/tienda\/producto\/colchon-motion\/\"]}]},{\"@type\":\"ImageObject\",\"inLanguage\":\"es\",\"@id\":\"https:\/\/sleepplanet.es\/tienda\/producto\/colchon-motion\/#primaryimage\",\"url\":\"https:\/\/sleepplanet.es\/tienda\/wp-content\/uploads\/2023\/06\/sleep-planet-colchones-motion-1-1.jpg\",\"contentUrl\":\"https:\/\/sleepplanet.es\/tienda\/wp-content\/uploads\/2023\/06\/sleep-planet-colchones-motion-1-1.jpg\",\"width\":1200,\"height\":900},{\"@type\":\"BreadcrumbList\",\"@id\":\"https:\/\/sleepplanet.es\/tienda\/producto\/colchon-motion\/#breadcrumb\",\"itemListElement\":[{\"@type\":\"ListItem\",\"position\":1,\"name\":\"Portada\",\"item\":\"https:\/\/sleepplanet.es\/tienda\/\"},{\"@type\":\"ListItem\",\"position\":2,\"name\":\"TIENDA ONLINE\",\"item\":\"https:\/\/sleepplanet.es\/tienda\/\"},{\"@type\":\"ListItem\",\"position\":3,\"name\":\"Colch\u00f3n MOTION\"}]},{\"@type\":\"WebSite\",\"@id\":\"https:\/\/sleepplanet.es\/tienda\/#website\",\"url\":\"https:\/\/sleepplanet.es\/tienda\/\",\"name\":\"Sleep Planet\",\"description\":\"Web oficial de Sleep Planet Spain\",\"publisher\":{\"@id\":\"https:\/\/sleepplanet.es\/tienda\/#organization\"},\"potentialAction\":[{\"@type\":\"SearchAction\",\"target\":{\"@type\":\"EntryPoint\",\"urlTemplate\":\"https:\/\/sleepplanet.es\/tienda\/?s={search_term_string}\"},\"query-input\":{\"@type\":\"PropertyValueSpecification\",\"valueRequired\":true,\"valueName\":\"search_term_string\"}}],\"inLanguage\":\"es\"},{\"@type\":\"Organization\",\"@id\":\"https:\/\/sleepplanet.es\/tienda\/#organization\",\"name\":\"Sleep Planet\",\"url\":\"https:\/\/sleepplanet.es\/tienda\/\",\"logo\":{\"@type\":\"ImageObject\",\"inLanguage\":\"es\",\"@id\":\"https:\/\/sleepplanet.es\/tienda\/#\/schema\/logo\/image\/\",\"url\":\"https:\/\/sleepplanet.es\/tienda\/wp-content\/uploads\/2023\/11\/sleep-planet-logo-seo2.jpg\",\"contentUrl\":\"https:\/\/sleepplanet.es\/tienda\/wp-content\/uploads\/2023\/11\/sleep-planet-logo-seo2.jpg\",\"width\":600,\"height\":600,\"caption\":\"Sleep Planet\"},\"image\":{\"@id\":\"https:\/\/sleepplanet.es\/tienda\/#\/schema\/logo\/image\/\"},\"sameAs\":[\"https:\/\/www.facebook.com\/sleepplanetspain\",\"https:\/\/www.instagram.com\/sleepplanetspain\"]}]}<\/script>\n<!-- \/ Yoast SEO plugin. -->","yoast_head_json":{"title":"Colch\u00f3n MOTION - Sleep Planet","description":"Colch\u00f3n Motion de Sleep Planet. Colchones que ofrecen el mejor descanso al mejor precio. Visita nuestras tiendas de colchones.","robots":{"index":"noindex","follow":"follow"},"og_locale":"es_ES","og_type":"article","og_title":"Colch\u00f3n MOTION - Sleep Planet","og_description":"Colch\u00f3n Motion de Sleep Planet. Colchones que ofrecen el mejor descanso al mejor precio. Visita nuestras tiendas de colchones.","og_url":"https:\/\/sleepplanet.es\/tienda\/producto\/colchon-motion\/","og_site_name":"Sleep Planet","article_publisher":"https:\/\/www.facebook.com\/sleepplanetspain","article_modified_time":"2026-01-15T12:20:44+00:00","og_image":[{"width":1200,"height":900,"url":"https:\/\/sleepplanet.es\/tienda\/wp-content\/uploads\/2023\/06\/sleep-planet-colchones-motion-1-1.jpg","type":"image\/jpeg"}],"twitter_card":"summary_large_image","twitter_misc":{"Tiempo de lectura":"1 minuto"},"schema":{"@context":"https:\/\/schema.org","@graph":[{"@type":"WebPage","@id":"https:\/\/sleepplanet.es\/tienda\/producto\/colchon-motion\/","url":"https:\/\/sleepplanet.es\/tienda\/producto\/colchon-motion\/","name":"Colch\u00f3n MOTION - Sleep Planet","isPartOf":{"@id":"https:\/\/sleepplanet.es\/tienda\/#website"},"primaryImageOfPage":{"@id":"https:\/\/sleepplanet.es\/tienda\/producto\/colchon-motion\/#primaryimage"},"image":{"@id":"https:\/\/sleepplanet.es\/tienda\/producto\/colchon-motion\/#primaryimage"},"thumbnailUrl":"https:\/\/sleepplanet.es\/tienda\/wp-content\/uploads\/2023\/06\/sleep-planet-colchones-motion-1-1.jpg","datePublished":"2023-06-08T17:46:04+00:00","dateModified":"2026-01-15T12:20:44+00:00","description":"Colch\u00f3n Motion de Sleep Planet. Colchones que ofrecen el mejor descanso al mejor precio. Visita nuestras tiendas de colchones.","breadcrumb":{"@id":"https:\/\/sleepplanet.es\/tienda\/producto\/colchon-motion\/#breadcrumb"},"inLanguage":"es","potentialAction":[{"@type":"ReadAction","target":["https:\/\/sleepplanet.es\/tienda\/producto\/colchon-motion\/"]}]},{"@type":"ImageObject","inLanguage":"es","@id":"https:\/\/sleepplanet.es\/tienda\/producto\/colchon-motion\/#primaryimage","url":"https:\/\/sleepplanet.es\/tienda\/wp-content\/uploads\/2023\/06\/sleep-planet-colchones-motion-1-1.jpg","contentUrl":"https:\/\/sleepplanet.es\/tienda\/wp-content\/uploads\/2023\/06\/sleep-planet-colchones-motion-1-1.jpg","width":1200,"height":900},{"@type":"BreadcrumbList","@id":"https:\/\/sleepplanet.es\/tienda\/producto\/colchon-motion\/#breadcrumb","itemListElement":[{"@type":"ListItem","position":1,"name":"Portada","item":"https:\/\/sleepplanet.es\/tienda\/"},{"@type":"ListItem","position":2,"name":"TIENDA ONLINE","item":"https:\/\/sleepplanet.es\/tienda\/"},{"@type":"ListItem","position":3,"name":"Colch\u00f3n MOTION"}]},{"@type":"WebSite","@id":"https:\/\/sleepplanet.es\/tienda\/#website","url":"https:\/\/sleepplanet.es\/tienda\/","name":"Sleep Planet","description":"Web oficial de Sleep Planet Spain","publisher":{"@id":"https:\/\/sleepplanet.es\/tienda\/#organization"},"potentialAction":[{"@type":"SearchAction","target":{"@type":"EntryPoint","urlTemplate":"https:\/\/sleepplanet.es\/tienda\/?s={search_term_string}"},"query-input":{"@type":"PropertyValueSpecification","valueRequired":true,"valueName":"search_term_string"}}],"inLanguage":"es"},{"@type":"Organization","@id":"https:\/\/sleepplanet.es\/tienda\/#organization","name":"Sleep Planet","url":"https:\/\/sleepplanet.es\/tienda\/","logo":{"@type":"ImageObject","inLanguage":"es","@id":"https:\/\/sleepplanet.es\/tienda\/#\/schema\/logo\/image\/","url":"https:\/\/sleepplanet.es\/tienda\/wp-content\/uploads\/2023\/11\/sleep-planet-logo-seo2.jpg","contentUrl":"https:\/\/sleepplanet.es\/tienda\/wp-content\/uploads\/2023\/11\/sleep-planet-logo-seo2.jpg","width":600,"height":600,"caption":"Sleep Planet"},"image":{"@id":"https:\/\/sleepplanet.es\/tienda\/#\/schema\/logo\/image\/"},"sameAs":["https:\/\/www.facebook.com\/sleepplanetspain","https:\/\/www.instagram.com\/sleepplanetspain"]}]}},"_links":{"self":[{"href":"https:\/\/sleepplanet.es\/tienda\/wp-json\/wp\/v2\/product\/5036","targetHints":{"allow":["GET"]}}],"collection":[{"href":"https:\/\/sleepplanet.es\/tienda\/wp-json\/wp\/v2\/product"}],"about":[{"href":"https:\/\/sleepplanet.es\/tienda\/wp-json\/wp\/v2\/types\/product"}],"wp:featuredmedia":[{"embeddable":true,"href":"https:\/\/sleepplanet.es\/tienda\/wp-json\/wp\/v2\/media\/7110"}],"wp:attachment":[{"href":"https:\/\/sleepplanet.es\/tienda\/wp-json\/wp\/v2\/media?parent=5036"}],"wp:term":[{"taxonomy":"product_brand","embeddable":true,"href":"https:\/\/sleepplanet.es\/tienda\/wp-json\/wp\/v2\/product_brand?post=5036"},{"taxonomy":"product_cat","embeddable":true,"href":"https:\/\/sleepplanet.es\/tienda\/wp-json\/wp\/v2\/product_cat?post=5036"},{"taxonomy":"product_tag","embeddable":true,"href":"https:\/\/sleepplanet.es\/tienda\/wp-json\/wp\/v2\/product_tag?post=5036"}],"curies":[{"name":"wp","href":"https:\/\/api.w.org\/{rel}","templated":true}]}}